mainder when 22372932 is divided by 271?
256
Calculate the remainder when 15863614 is divided by 991475.
14
What is the remainder when 34932139 is divided by 2886?
2881
What is the remainder when 257834 is divided by 7160?
74
Calculate the remainder when 129969 is divided by 897.
801
Calculate the remainder when 552979 is divided by 4200.
2779
Calculate the remainder when 55595 is divided by 2326.
2097
What is the remainder when 613283 is divided by 18584?
11
What is the remainder when 723483616 is divided by 66?
64
What is the remainder when 40871136 is divided by 256?
224
What is the remainder when 528069 is divided by 410?
399
What is the remainder when 1663400 is divided by 1224?
1208
Calculate the remainder when 63227659 is divided by 2807.
2791
What is the remainder when 28981 is divided by 2198?
407
What is the remainder when 3714551 is divided by 2493?
2474
Calculate the remainder when 342343 is divided by 498.
217
Calculate the remainder when 631563128 is divided by 33.
20
What is the remainder when 4057274 is divided by 1043?
4
What is the remainder when 12201025 is divided by 29?
0
What is the remainder when 47235 is divided by 46036?
1199
Calculate the remainder when 40660899 is divided by 6776816.
3
Calculate the remainder when 247681 is divided by 869.
16
What is the remainder when 720421 is divided by 240056?
253
Calculate the remainder when 62844 is divided by 643.
473
What is the remainder when 174512701 is divided by 976?
973
What is the remainder when 24866160 is divided by 12483?
24
What is the remainder when 341850 is divided by 2590?
2560
What is the remainder when 74791 is divided by 1588?
155
What is the remainder when 440588 is divided by 394?
96
What is the remainder when 2750273 is divided by 54?
53
Calculate the remainder when 1681398 is divided by 129333.
69
Calculate the remainder when 79656 is divided by 1506.
1344
Calculate the remainder when 182299 is divided by 16565.
84
What is the remainder when 21480 is divided by 5107?
1052
What is the remainder when 72518 is divided by 23765?
1223
What is the remainder when 1331438 is divided by 2876?
2726
What is the remainder when 5965 is divided by 5204?
761
What is the remainder when 4176628 is divided by 40?
28
Calculate the remainder when 17438421 is divided by 1539.
12
Calculate the remainder when 13339171 is divided by 24253.
21
Calculate the remainder when 3854291 is divided by 291.
287
What is the remainder when 11293027 is divided by 862?
827
What is the remainder when 326094 is divided by 15257?
5697
What is the remainder when 223289 is divided by 1715?
339
Calculate the remainder when 7539783 is divided by 7539782.
1
Calculate the remainder when 4971722 is divided by 1657236.
14
Calculate the remainder when 38439900 is divided by 1921994.
20
Calculate the remainder when 2681310 is divided by 145.
115
What is the remainder when 44084715 is divided by 774?
771
What is the remainder when 42125 is divided by 110?
105
Calculate the remainder when 1611190 is divided by 403.
399
What is the remainder when 625692 is divided by 208544?
60
What is the remainder when 3728918 is divided by 4553?
11
What is the remainder when 10782466 is divided by 94583?
4
Calculate the remainder when 17683904 is divided by 322.
308
What is the remainder when 136496 is divided by 2846?
2734
What is the remainder when 538360 is divided by 3429?
7
What is the remainder when 1051737 is divided by 1099?
1093
Calculate the remainder when 1765872 is divided by 31.
19
Calculate the remainder when 73560 is divided by 8173.
3
Calculate the remainder when 3653764 is divided by 405972.
16
What is the remainder when 31864957 is divided by 21?
19
Calculate the remainder when 217502 is divided by 69468.
9098
What is the remainder when 734025 is divided by 146652?
765
What is the remainder when 26479744 is divided by 26479739?
5
What is the remainder when 146797 is divided by 1264?
173
What is the remainder when 203802942 is divided by 568?
566
What is the remainder when 792164 is divided by 109?
61
Calculate the remainder when 348178167 is divided by 1944.
1935
Calculate the remainder when 191971 is divided by 155.
81
Calculate the remainder when 28327 is divided by 27931.
396
Calculate the remainder when 20384388 is divided by 65.
63
Calculate the remainder when 783330 is divided by 783278.
52
What is the remainder when 98403852 is divided by 37?
21
What is the remainder when 189992169 is divided by 17?
16
Calculate the remainder when 116743487 is divided by 3044.
3043
Calculate the remainder when 63383 is divided by 19837.
3872
Calculate the remainder when 796217 is divided by 76.
41
What is the remainder when 7707117 is divided by 8535?
12
Calculate the remainder when 9709492 is divided by 225802.
6
Calculate the remainder when 956915 is divided by 342.
341
What is the remainder when 61771 is divided by 4237?
2453
Calculate the remainder when 32917 is divided by 16139.
639
Calculate the remainder when 436323 is divided by 277.
48
Calculate the remainder when 4766 is divided by 2339.
88
What is the remainder when 231585 is divided by 4726?
11
What is the remainder when 75073 is divided by 423?
202
Calculate the remainder when 249569 is divided by 553.
166
Calculate the remainder when 792330 is divided by 394965.
2400
What is the remainder when 11257 is divided by 3619?
400
Calculate the remainder when 114863241 is divided by 5221056.
9
Calculate the remainder when 5824597 is divided by 3355.
317
What is the remainder when 107947 is divided by 3824?
875
What is the remainder when 11251354 is divided by 108?
22
Calculate the remainder when 4944663 is divided by 769.
762
Calculate the remainder when 190156 is divided by 5.
1
Calculate the remainder when 545587 is divided by 545585.
2
Calculate the remainder when 336803 is divided by 336762.
41
Calculate the remainder when 535835 is divided by 2791.
2754
Calculate the remainder when 93199 is divided by 2296.
1359
Calculate the remainder when 699538 is divided by 2741.
583
What is the remainder when 20304373 is divided by 147?
145
Calculate the remainder when 188924 is divided by 4178.
914
What is the remainder when 223633 is divided by 111666?
301
Calculate the remainder when 153496 is divided by 65.
31
What is the remainder when 154737 is divided by 1517?
3
Calculate the remainder when 2586167 is divided by 287351.
8
What is the remainder when 46098656 is divided by 17?
11
Calculate the remainder when 40821218 is divided by 55.
53
Calculate the remainder when 4474339 is divided by 263196.
7
What is the remainder when 26243122 is divided by 345304?
18
Calculate the remainder when 1615632 is divided by 315.
312
What is the remainder when 18275 is divided by 4361?
831
Calculate the remainder when 3130599 is divided by 5166.
3
Calculate the remainder when 661532 is divided by 1706.
1310
What is the remainder when 259269 is divided by 867?
36
What is the remainder when 82965 is divided by 41383?
199
Calculate the remainder when 23590 is divided by 16074.
7516
What is the remainder when 357736 is divided by 227?
211
Calculate the remainder when 1050310 is divided by 562.
494
Calculate the remainder when 2952549 is divided by 2889.
2880
Calculate the remainder when 33010 is divided by 32998.
12
What is the remainder when 3965196 is divided by 208?
92
Calculate the remainder when 3333752 is divided by 1111195.
167
Calculate the remainder when 548957 is divided by 39.
32
What is the remainder when 36177556 is divided by 899?
897
Calculate the remainder when 774708 is divided by 9932.
12
Calculate the remainder when 2893385 is divided by 39.
14
Calculate the remainder when 232120 is divided by 991.
226
What is the remainder when 653849 is divided by 90?
89
What is the remainder when 43835557 is divided by 26?
25
What is the remainder when 5945 is divided by 1598?
1151
Calculate the remainder when 2752032 is divided by 2572.
2564
Calculate the remainder when 7028743 is divided by 151.
146
Calculate the remainder when 1470376 is divided by 104884.
2000
What is the remainder when 352055153 is divided by 6501?
6500
Calculate the remainder when 9552 is divided by 1433.
954
Calculate the remainder when 21534033 is divided by 68.
65
Calculate the remainder when 25